f -2 + (w - 1) - -4?
2
Let o = -22 + 27. Suppose w - 76 = -n + o*w, w - 176 = -3*n. List the prime factors of n.
2, 3, 5
Let m(u) = -12*u + 25. Let t(p) = -13*p + 26. Let q(h) = 5*m(h) - 4*t(h). Let y be q(6). Let z = y - -71. List the prime factors of z.
2, 11
Suppose 9*u - 4*u = 10. Suppose -u*x + 7*x - 10 = 0. Suppose -4*n + x*s - 23 = -9*n, -3*n + 19 = -4*s. List the prime factors of n.
5
Let a(j) = j**2 + j - 2. Let x be a(-3). Let f = 21 + x. Let g = f - 10. List the prime factors of g.
3, 5
Let w(m) = -11*m + 91. What are the prime factors of w(-21)?
2, 7, 23
Suppose 4*w = -3*q + 7, -2*w + 11 = 3*q - 0. Suppose 0*r = q*r - 370. What are the prime factors of r?
2, 37
Let h be ((-2)/5)/((-1)/115). Suppose -t = -h - 3. What are the prime factors of t?
7
List the prime factors of 34839/10 + 8/880*11.
2, 13, 67
Suppose 5*a - 12 = 13. Suppose 0 = -a*s - 7 + 57. Suppose -19 = -4*q - 4*r + 21, q - s = 3*r. What are the prime factors of q?
2, 5
Suppose 0 = o - 3*l + 4 - 17, -3*l - 11 = -2*o. Let b(m) = -m**3 - 3*m**2 - 3*m - 1. Let v be b(o). Let s = 12 + v. List the prime factors of s.
13
Let i = -982 + 1937. What are the prime factors of i?
5, 191
Suppose 0 = -4*j - 15*l + 10*l + 9221, -2*l = 2*j - 4610. What are the prime factors of j?
2, 3
Let j be 4/(-6)*282/4. List the prime factors of (-25)/5 + 2 - j.
2, 11
Suppose 2*g = 4*r + 4044, -5*r - 74 = -g + 1951. What are the prime factors of g?
2, 5, 101
Let r be (-17 + 2)*-3 - 2. Let h be 3/(-2) - (-2 - (-12)/(-8)). Suppose p - 71 = -4*s, -2*p = h*s - 3*p - r. What are the prime factors of s?
19
Suppose -2*l + 3333 = 177. What are the prime factors of l?
2, 3, 263
Suppose -3*k - o = -2*k - 452, -k - 5*o = -440. List the prime factors of k.
5, 7, 13
Let u = 28 - 42. Let t be ((-7)/(u/100))/2. Suppose 3*o + 3*d - 102 = 0, t + 5 = o + 2*d. List the prime factors of o.
2, 19
List the prime factors of (-1)/(-2)*6464/8.
2, 101
Let o(q) = q**3 + 17*q**2 - 34*q + 190. What are the prime factors of o(11)?
2, 3, 89
Let z = -24 - -26. Suppose -z*t + 6 = -0*i + 5*i, i = -t. Suppose 2*x - 105 - 34 = -3*d, -2*d - i*x + 90 = 0. List the prime factors of d.
7
Let i = 25 + -20. Let t = 1 + i. List the prime factors of -31*2*(-3)/t.
31
Let p = 62 - 58. Suppose -3*r + 909 = 4*f, f + p*r - 211 = -0*f. What are the prime factors of f?
3, 7, 11
Let z = -440 - -115. Let u = z + 597. List the prime factors of u.
2, 17
List the prime factors of ((-6)/(-4) + 0)/(237/5056).
2
Let l be 6/10 + 2502/(-45). Let k be 1095/33 - (-10)/l. Let w = k + 16. What are the prime factors of w?
7
Suppose 23 = 7*j + 100. Let z = -6 - j. Suppose z*f - 112 = 3. What are the prime factors of f?
23
Suppose 4 = 4*z + 4*f, -3*z - z - 5*f + 5 = 0. List the prime factors of 90 + z/3 + -4.
2, 43
Let k(n) = 6*n**2 + 16 - 12 - 31*n**3 + 9*n + 0. List the prime factors of k(-2).
2, 3, 43
Suppose -d + 3*d = 0. Let n be -7 - (-2 + 1 + d). List the prime factors of 3*4/n*-16.
2
Suppose h + 4 = 2*z, -5*z = -0*z - 15. Suppose 6*q - c = 3*q + 298, -q = h*c - 104. What are the prime factors of q?
2, 5
Let r(v) = -3*v**2 + 6*v - 4. Suppose -38 = -4*w - 14. Let k be r(w). Let f = -19 - k. List the prime factors of f.
3, 19
Suppose 14398 = 5*l - 2*a, l = a + 913 + 1969. What are the prime factors of l?
2, 1439
Let q = -1470 + 2617. List the prime factors of q.
31, 37
Suppose 0 = 54*k - 76*k + 10362. List the prime factors of k.
3, 157
Let d(i) = -5*i + 10. Let g be d(3). Let l(t) = -14*t + 17. What are the prime factors of l(g)?
3, 29
Let x(m) = 4 + 11*m + 1 - 5 - 2*m**2. Let g be x(8). Let b = -26 - g. List the prime factors of b.
2, 7
Let q be 1 + (-4 - 65*-1). Let h = q + -20. What are the prime factors of h?
2, 3, 7
Let s be 18/(-27) + (40/(-3))/4. What are the prime factors of (-549)/s - 7/28?
137
Let c(t) = -6*t**2 - 3*t + 2. Let u be c(-2). Let n = 2 - u. What are the prime factors of n - (-4 - (-3 + -1))?
2, 3
Suppose -4*d + 13 = 3*f, -5*d = -f + 3*f - 18. Let w(q) = 8*q - 1. What are the prime factors of w(d)?
31
Let x(k) = -k**3 + 7*k**2 + 4*k - 1. Suppose -3*c - 151 = -r, -6*r - 25 = -r. Let l be c/(-8) - (-3)/6. List the prime factors of x(l).
3
Let i(j) = 5*j + 20. What are the prime factors of i(33)?
5, 37
Let x be (-2)/14*2 + (-192)/(-84). List the prime factors of x/2*(-5 + 6 + 192).
193
What are the prime factors of 9 + (-1 - 1) + 1276?
1283
Let d(y) = -3*y + 3. Let f(b) = b - 1. Let n(i) = -d(i) - 4*f(i). Let r be n(-7). List the prime factors of ((-27)/12)/((-2)/r).
3
List the prime factors of (10/(-4))/((-12)/3216).
2, 5, 67
Suppose -65*i + 36*i + 43065 = 0. List the prime factors of i.
3, 5, 11
Let n = 561 + -221. What are the prime factors of n?
2, 5, 17
Let p = -5 + 10. Suppose -5*z = -4*i + 314, -i + p*i = z + 306. List the prime factors of i.
2, 19
Suppose 4*d + 16 = 0, -3*x - 2*x - 5*d = -3465. What are the prime factors of x?
17, 41
Let q be ((-91)/14)/((-1)/6). Let s be -5*4 + 2 + -4 + -3. Let l = s + q. List the prime factors of l.
2, 7
Let m(p) = -p**2 + 3*p + 2. Let j be m(3). Suppose 98 = 3*g - j*g. List the prime factors of g.
2, 7
Suppose -5*p + 2*p = -75. Suppose 3*l - 255 = -3*k, -4*l + 2*k - p = -335. What are the prime factors of l?
2, 5
Let n be (1 - 3)*((-2 - -6) + -5). What are the prime factors of (3 + -4*n)*(-3 - -2)?
5
Let u be ((-12)/(-8))/((-2)/(-36)). Suppose 0 = 5*z - 48 - u. List the prime factors of z.
3, 5
Let w = 24 + 139. List the prime factors of w.
163
Let l(n) = -n**3 + 4*n - 3. Let k be l(2). Let t be (0 - 1) + -3 + -46 + 1. What are the prime factors of (k + t)/(-2) + -2?
2, 3
Suppose -239 + 61 = -2*p. List the prime factors of p.
89
Let b = -9 + 15. Suppose 6*k = 7*k. Suppose 4*v - b*v + 42 = k. List the prime factors of v.
3, 7
Let y(g) = -g - 4. Let c be y(-6). Suppose -c*f = -f - 14. List the prime factors of 38/f + (-2)/(-7).
3
Let t = 367 + -140. Let i = 424 - t. List the prime factors of i.
197
Suppose 15*d - 1196 = 934. What are the prime factors of d?
2, 71
Let o be 4/(3 + -4 + 2). Let v(t) = t**3 - 6*t**2 + 9*t - 2. Let i be v(o). Suppose 4*g - 4*r = 208, 2*r - 116 = -4*g + i*g. List the prime factors of g.
5, 11
Let z = -42 + -54. List the prime factors of (z/(-14))/((-10)/(-105)).
2, 3
Let f(x) = 2*x + 24. What are the prime factors of f(-7)?
2, 5
Suppose 14763 = 20*u + 3643. What are the prime factors of u?
2, 139
Suppose 2*r + 916 = 4*r + 2*k, r - 433 = 4*k. List the prime factors of r.
3, 151
Let g(x) = 4*x - 6. Let c be g(4). Let y be (-20)/(-50) + 46/c. Suppose 51 + 89 = y*p. What are the prime factors of p?
2, 7
Let g be (-70)/15*(-75)/2. Suppose -450 = -5*f + 3*z, -2*f - 3*z + g + 26 = 0. What are the prime factors of f?
3, 31
Let q(h) = 4*h**2 - 12*h - 23. Let w be q(12). Suppose -4*d = -5*u - 8*d + w, -d = -1. List the prime factors of u.
3
Let d(s) = s + 1. Let j be d(2). Suppose 0*w - 9 = -j*w. Suppose -b + 5*k + 12 = 0, 5 = 3*b - k - w. List the prime factors of b.
2
What are the prime factors of ((-1263)/(15/5))/(-1)?
421
Suppose -4*t = -2*m - 131 + 623, 0 = 4*m - 5*t - 972. What are the prime factors of m?
2, 7, 17
Let w = -5 - -14. Let c = -26 + w. Let n = -2 - c. What are the prime factors of n?
3, 5
Let l = 212 - 122. Let o = l - 45. List the prime factors of o.
3, 5
What are the prime factors of (-15)/4*(-27)/((-810)/(-44200))?
5, 13, 17
Let r(s) = s**3 + 2*s**2 - 4*s - 4. Let j be r(-2). Suppose 5*n - j*n = 0. Suppose n = y - 11 - 24. List the prime factors of y.
5, 7
Let c(t) = -4*t**2 - 24*t - 22. Let y be c(21). What are the prime factors of -7 + y/(-35) - (-3)/(-7)?
2, 29
Suppose 4*j - 20 = 0, -2*j - 2*j + 120 = 4*l. Let d = 27 - l. List the prime factors of (d - 68/(-4))*3.
3, 19
Let k(s) = 5*s**3 - 12*s**2 + 15*s - 46. List the prime factors of k(6).
2, 173
Suppose u = 2*u - 12. Let p = u - 6. List the prime factors of (-2)/p + 98/6.
2
Suppose 5*j = 3*n - 4702, 9*j = 12*j - 12. List the prime factors of n.
2, 787
Suppose -3*t + 1611 = o - 5184, 3*o = 0. List the prime factors of t.
3, 5, 151
Let y(q) be the first derivative of 2*q**3 + 7*q**2/2 - 12*q + 27. What are the prime factors of y(5)?
173
Let k(s) = -5*s - 28. Let m(t) = 3*t + 19. Let f(u) = -5*k(u) - 8*m(u). Let p be f(14). Suppose i + p*c = 44, -3*i + c + 155 = 37. List the prime factors of i.
2, 5
Le